q + 65 + 4 = 0. Suppose 17*u = 12*u + 5. Calculate the greatest common divisor of q and u.
1
Suppose 9*m = 7*m + 332. Let q = -162 + m. Let w = 26 + -22. What is the highest common factor of q and w?
4
Suppose 3*j + 2*p = 764 + 121, -3*j - 4*p = -891. Suppose -j = 11*d - 1294. Calculate the greatest common factor of d and 104.
13
Let z(n) = -n**3 - 5*n**2 - 6. Let o be z(-5). Let j be (-174)/34 - 106/(-901). Let x be (j - 37)*2/o. Calculate the greatest common factor of 14 and x.
14
Suppose 5*o - 88 + 13 = 0. Suppose -2329*r + 1264*r + 85200 = 0. What is the greatest common factor of o and r?
5
Suppose -5*z - 3 = -2*z. Let w be (7 - (4 + -4)) + z. What is the highest common factor of 78 and w?
6
Let k = -437 + 153. Let c = k - -344. What is the highest common divisor of 135 and c?
15
Let m(j) = 36 - j + 2*j - 3*j + 0*j. Let c be m(11). Suppose 3*w + 1 = 3*i + 16, -4*i - c = -3*w. What is the highest common divisor of 24 and w?
6
Let l = 1461 - 426. Calculate the highest common factor of l and 115.
115
Let h = 5278 + -4853. Calculate the highest common divisor of 17 and h.
17
Suppose -11*q - 24*q + 17907 + 10128 = 0. What is the highest common divisor of q and 9?
9
Suppose 5*g + 20 = -2*n + 141, g - 188 = -3*n. What is the highest common factor of n and 2436?
21
Let d(y) = -y**3 + 14*y**2 + 7*y - 136. Let l be d(13). Calculate the greatest common factor of 589 and l.
31
Let d = -234 + 268. Let p be (-4 - d/(-8)) + 31/4. Calculate the greatest common factor of p and 256.
8
Suppose 2*n = 595 - 1. Calculate the greatest common divisor of 189 and n.
27
Let r be (1 - -4)/(9 - 8). Let i be (-9882)/(-305) + (-2)/r. Calculate the greatest common divisor of i and 32.
32
Suppose 2 = q - 0. Suppose q*o - 3*g - 8 - 28 = 0, -2*o - 3*g = -48. Let y be 280/(-56)*6/(-10). What is the greatest common divisor of o and y?
3
Let l(q) = 3*q**2 + 4*q - 2. Let b(n) = 1. Let s(u) = 2*b(u) + l(u). Let f be s(-2). Suppose 9 = f*y - 55. Calculate the greatest common factor of y and 80.
16
Let i(t) = -t**3 + 10*t**2 - t + 7. Let s be i(9). Let c = 181 - s. Let l = -2 - -36. Calculate the highest common divisor of l and c.
34
Let x = 31282 - 30609. Calculate the highest common divisor of x and 2.
1
Suppose 2*v - 2 = 2. Suppose 414*p - 198 = 425*p. Let c be p/(-11) + (-11)/(484/(-16)). Calculate the highest common divisor of v and c.
2
Let q be (2/5)/((-92)/(-57730)). Suppose -q = -16*z + 645. What is the greatest common factor of z and 728?
56
Let i(p) = p**2 + 39*p + 398. Let d be i(-108). What is the greatest common divisor of 200 and d?
50
Let v be ((-2044)/16 - 5) + (-3)/(-4). Let a = 90 + v. Let i be 2144/56 + 3/(a/4). What is the highest common divisor of i and 342?
38
Suppose 0 = 4*c + 4*d - 536, -5*c + 88*d = 90*d - 667. Calculate the highest common divisor of c and 1387.
19
Let b be (0 + 12)/(34/(-51)). Let v be 6/4*((-1950)/b + -7). Calculate the highest common divisor of 19 and v.
19
Let c = 2022 - 1801. What is the greatest common divisor of 273 and c?
13
Let c = 9091 + -9087. What is the greatest common divisor of 270 and c?
2
Let c(z) = z**2 - z + 14. Let k = 24 - 24. Let y be c(k). Suppose 5*n + 210 = 10*n. What is the highest common divisor of n and y?
14
Suppose -u = -221 + 53. Suppose 255 - 143 = 7*j. Let f be j*((-126)/(-8))/9*1. Calculate the greatest common divisor of f and u.
28
Suppose 11712 = 13*q + 2612. Suppose -12*f + 22*f - q = 0. What is the highest common factor of 42 and f?
14
Let d = 392 - 386. Suppose -11 = v + 3*l, 0 = v - d*v - 4*l. Calculate the greatest common factor of 34 and v.
2
Suppose 28*m = -21*m + 48*m + 25. What is the greatest common divisor of m and 7?
1
Let m = -11 + -49. Let f be -11 + 9 - (m + 2). Calculate the greatest common divisor of 7 and f.
7
Let o = -13818 + 13879. What is the greatest common divisor of 8723 and o?
61
Let c(q) = 27*q + 5. Let s be c(5). Let m = 374 - 269. What is the greatest common divisor of s and m?
35
Let i = 983 + -572. Let f = -390 + i. Let r = -36 - -183. Calculate the highest common divisor of f and r.
21
Suppose -143*f = -174*f + 9982. Calculate the greatest common factor of 518 and f.
14
Let r = -301 - -509. Suppose 28*u + 162 = u. Let p = u - -22. What is the highest common divisor of p and r?
16
Suppose -v + 6*v + 4*h = 230, -116 = -3*v + 2*h. Let q be 936/v + (-6)/21. Calculate the highest common factor of 22 and q.
22
Let a = -96 - -114. Suppose -5*t + 82 = 2*z, -17*t + z = -a*t + 14. What is the highest common divisor of 12 and t?
6
Suppose k + 4*g = 4*k - 100, -3*g - 3 = 0. Let t = -2784 + 2896. Calculate the highest common factor of k and t.
16
Let r = 21290 + -8882. Calculate the highest common factor of 528 and r.
264
Suppose 0 = -12*p + 1322 - 362. Calculate the highest common divisor of p and 104.
8
Suppose 52 = 8*m - 4*m. Let u = 118 + -142. Let d(j) = -8*j - 101. Let s be d(u). What is the greatest common divisor of m and s?
13
Suppose -3*n = -i + 38 - 46, -5*n = 4*i - 87. What is the greatest common divisor of 17459 and i?
13
Let i = 15274 - 8266. Calculate the greatest common factor of i and 288.
96
Suppose -35*i - 47*i = -1640. Let m = -734 - -1054. Calculate the greatest common divisor of m and i.
20
Let g(k) = -13*k - 5. Let h be g(-7). Let y = h + -79. Suppose 108 = -n + y*n. Calculate the greatest common factor of 27 and n.
9
Let n = -771 + 1899. Let t = n + -595. What is the highest common factor of t and 13?
13
Suppose 13*n - 22*n - 3360 = -16*n. Calculate the greatest common divisor of 300 and n.
60
Suppose -3*l - h + 6*h + 109 = 0, 4*l - 3*h = 138. Let o = -25 + l. Suppose f - o = 2. What is the greatest common factor of f and 10?
10
Let a be (8/6 + 0)*(35 - 32). Suppose 2*m = a*o - 1 + 79, o = m - 39. Calculate the highest common divisor of m and 169.
13
Let s = -4 + 6. Suppose 4123 = -69*c + 94*c + 573. What is the greatest common factor of c and s?
2
Let c = -143 + 273. Let f = c - 115. Calculate the highest common factor of f and 6.
3
Suppose -5*x + 10 = 5*c, -3*x = 1 + 2. Let d be (1 - -1) + (c - -22). Suppose d = 4*l + 7. Calculate the highest common factor of l and 1.
1
Let f be (-6 - -11)*(-4)/(-5). Suppose 0 = w - 2, 4*m - w + 2 = f. Let v(n) = -n. Let i be v(-1). Calculate the greatest common factor of i and m.
1
Let b = 8468 - 8462. Suppose 3*j - 116 = 298. Calculate the highest common factor of b and j.
6
Suppose -38*a + 43*a = 5*v - 4000, 5*v + a - 3976 = 0. Calculate the highest common divisor of 32 and v.
4
Let c be -38*(-4 + 4 + 3/(-6)). Let j = -11 + c. Let p = 14 - j. Calculate the greatest common factor of 4 and p.
2
Let r(b) = b**2 + 4. Let g be r(-6). Let q = -9505 - -9525. Calculate the greatest common factor of g and q.
20
Let g = -13 - -34. Let w(k) = -178*k + 618. Let a be w(3). Calculate the greatest common factor of a and g.
21
Let q(u) = -22*u - 343. Let z be q(-16). Let j(v) = 5*v**2 - 6 + 0 + 12*v - 3*v**2. Let o be j(z). Calculate the greatest common factor of 24 and o.
24
Let y(h) = h**3 - 3*h**2 + 3*h - 12. Let t be y(6). Let b be (-1)/(-5 + 564/t). What is the greatest common factor of 76 and b?
19
Suppose 3*o - 609 = 3*c, -c - 2*c = -o + 199. Let i = o - 41. Calculate the greatest common divisor of i and 4.
4
Suppose -96 = 15*r - 19*r. Suppose -11*a = -64 - r. Let q(m) = m**3 - 2*m**2 - 6*m + 8. Let s be q(4). What is the highest common factor of s and a?
8
Let d = 380 + -376. Let o be ((-312)/195)/(d/(-10)). Let b = 12 + 56. Calculate the highest common factor of b and o.
4
Let p be -2*(77702/(-92) + 106/1219) + -6. What is the greatest common divisor of p and 66?
33
Let d(u) be the second derivative of u**4/4 - 7*u**3/3 + 11*u**2/2 - 49*u. Let a = 8 + 1. Let y be d(a). What is the greatest common factor of 16 and y?
16
Let d be (-213)/(-2) + (-145)/58. What is the greatest common factor of 1508 and d?
52
Let s(w) = w**2 - 15*w - 290. Let f be s(-11). Let y be 12*((-13)/f)/(13/26). What is the highest common factor of y and 18?
6
Let p be -255*6/(-9) - (-4)/(-10)*5. Calculate the highest common factor of p and 960.
24
Suppose -22*g - 142 = -24*g - 4*v, 3*g = -2*v + 201. What is the greatest common divisor of g and 7345?
65
Suppose 2041 = 89*y - 6. Calculate the greatest common divisor of y and 8165.
23
Suppose 5*l - 3*r = 2699